hen v is divided by 39.
37
Suppose 2*w + 4*f - 86 = 0, -3*f - 155 = -5*w - 5. Calculate the remainder when 261 is divided by w.
30
Suppose 0 = -3*f - 2*g - 133, 6*f - g = 3*f - 136. Let k be (-2)/9 + (-10)/f. Let s(m) = -m**2 + m + 10. What is the remainder when 29 is divided by s(k)?
9
Let a(d) = -3*d**3 - d. Let v be a(-1). Suppose 0*f = v*f - 180. Let h(u) = 4*u - 8. What is the remainder when f is divided by h(5)?
9
Let y(b) = 4*b**3 + 7*b**2 - 51*b + 5. Calculate the remainder when y(4) is divided by 65.
39
Suppose 7*p - 770 = -0*p. Let i = p + -104. Calculate the remainder when 22 is divided by i.
4
Suppose q + 468 = 3*o, 5*q - 37 = 4*o - 650. Calculate the remainder when o is divided by 16.
13
Suppose w - 15 = -2*t, 2*t - t + 5*w = -15. Let m be (2 - 3 - (1 + -1)) + 12. Let n = t + m. Calculate the remainder when n is divided by 8.
5
Let k(f) = f - 6. Let g be k(9). Let p = 2 + g. Suppose 0*q + 85 = 5*q + 5*v, 4*q - 68 = p*v. Calculate the remainder when 50 is divided by q.
16
Suppose -v + 955 = 4*v. Let c(n) = -47*n + 471. What is the remainder when v is divided by c(9)?
47
Let v(m) = m**2 + 2*m + 3. Let j(n) = n**2 - 6*n + 5. Let s be j(4). Let k be 0 - (s - -4) - -4. What is the remainder when 33 is divided by v(k)?
15
Let u(z) = 20*z**3 + 2*z**2 + z + 1. Let g be u(2). Let d = g + -40. Calculate the remainder when d is divided by 19.
17
Suppose 5*p - 12 = 128. Suppose -p = -4*a + 2*a. What is the remainder when a is divided by 8?
6
Let d = -336 - -486. Calculate the remainder when d is divided by 17.
14
Let k = -12 - -17. What is the remainder when 149 is divided by k/(75/228)*(-30)/(-12)?
35
Suppose 129 = -6*g + 195. What is the remainder when 16 is divided by g?
5
Let s(b) = 17*b**2 + 36*b - 60. Let r(i) = -4*i**2 - 9*i + 15. Let a(t) = -9*r(t) - 2*s(t). Calculate the remainder when 161 is divided by a(-8).
38
Suppose -4*k + 170 - 54 = 0. Calculate the remainder when k is divided by 3.
2
Let o(i) = 6*i**2 + 5*i - 6. Calculate the remainder when o(7) is divided by 54.
53
Let n(j) = j**3 - j**2 + 2*j - 3. Let v(w) = w**3 - w + 4. Let d be v(0). Calculate the remainder when n(d) is divided by 14.
11
Suppose -4*k = 5*k - 99. Suppose 3*p - 5*v - k = 0, -4*p - 27 + 95 = 4*v. What is the remainder when p is divided by 3?
0
Let k = -39 + 56. What is the remainder when k is divided by -4 - 25/(-10)*-2*30/(-25)?
1
Suppose 6*h - 5*h = 36. Suppose 0 = 4*w + h - 132. Calculate the remainder when 85 is divided by w.
13
Suppose -4*z - 182 = -318. What is the remainder when 439 is divided by z?
31
Suppose 0 = 32*w - 20*w - 444. Calculate the remainder when 157 is divided by w.
9
Let u = 25 - 16. Let a(h) = 201*h**3 - h**2 + h + 1. Let d be a(1). What is the remainder when d/6 + 20/(-30) is divided by u?
6
Calculate the remainder when 358 is divided by (-1)/(138/584 + (-6)/24).
66
Suppose -12*o = -14*o - k + 45, -3*o + 5*k = -74. What is the remainder when 59 is divided by o?
13
Let f(a) = -a**3 - 11*a**2 - 28*a + 10. Let h(d) = d. What is the remainder when f(-7) is divided by h(4)?
2
Suppose -t - 1 + 4 = 0. Suppose 0*s - 78 = -t*s. What is the remainder when ((-8)/48)/(3/(-1818)) is divided by s?
23
Suppose -4*r - 54 = -7*r. What is the remainder when -3 + (-15)/2*22/(-3) is divided by r?
16
Let x(z) = -z**3 - 17*z**2 - 14*z + 48. Suppose 2*p + 2*p - 634 = 2*l, -4*p + 614 = 2*l. What is the remainder when p is divided by x(-16)?
12
Suppose -q = -5*z + 101, z - 2*q - 16 = -6*q. Calculate the remainder when z is divided by 8.
4
Suppose 2*g - g + 4 = 0, 2*u + 4*g = -8. Suppose -4*q + 2*d + 212 = 0, d - 3*d = u*q - 196. Calculate the remainder when q is divided by -1*((3 - -1) + -17).
12
Let v(b) = 2*b**3 - 17*b**2 + 15*b - 2. Let p(a) = -a**3 + a**2 + a - 1. Let z(c) = p(c) + v(c). Calculate the remainder when 43 is divided by z(15).
7
Suppose -41 - 929 = -10*u. What is the remainder when u is divided by 33?
31
Suppose 4*v - 6 = -2*c, -2*v + 3*v + 16 = 3*c. Suppose 0 = 2*x - 2 - 2. Suppose 0 = 3*g - x*g - 24. Calculate the remainder when g is divided by c.
4
Suppose 3*p = -4*x + 51, 0*x - 5*p = -2*x + 19. Let v(f) = -2*f**2 + 24*f + 7. What is the remainder when 12 is divided by v(x)?
5
Suppose 6*h - 20*h - 280 = 0. Let n = h - -44. What is the remainder when 93 is divided by n?
21
Let m(z) = 11*z + 7. Let h be m(-10). Let t = 183 + h. Suppose 99 = 5*d + 4*i - 87, -3*i = 2*d - t. What is the remainder when d is divided by 12?
10
Suppose -7*j = -9*j + 8, -5*z - 5*j = -450. Calculate the remainder when 338 is divided by z.
80
Let o = -12 + 13. Suppose -v + 9 = -o. Calculate the remainder when (16/48)/((-1)/(-111)) is divided by v.
7
Suppose 3*x - 5*d - 107 = 0, 0*x - 4*d - 174 = -5*x. Let h = -24 + x. Suppose -t - 20 = -5*l - 0*l, -l + 2*t = -4. What is the remainder when h is divided by l?
2
Let v = -62 + 39. Let y = 42 + v. Let x = 8 + -3. Calculate the remainder when y is divided by x.
4
Let n = -325 - -329. Calculate the remainder when 5 is divided by n.
1
Suppose 3*z - 6 = z. Let y = -2 + 1. Let d = y + 6. What is the remainder when d is divided by z?
2
Let j(i) = -i**2 + 3*i - 7. Let c be j(3). Calculate the remainder when 31 is divided by c/(21/6) - -18.
15
Calculate the remainder when 59 is divided by (-3)/12*6/(-3)*40.
19
Let d(c) = -c**3 - 5*c**2 - 3*c + 7. Let w be d(-4). What is the remainder when (7/3 - w) + 699/9 is divided by 9?
5
Let s = -17 + 80. Let v = 27 + -25. What is the remainder when s is divided by 1/(v*(-4)/(-176))?
19
Let w(n) = -15*n - 75. What is the remainder when w(-6) is divided by 8?
7
Let s = 12 - 4. Suppose -36*t = -37*t + 19. Calculate the remainder when t is divided by s.
3
Suppose -5 = 5*j, 4*a - 1 = -4*j + 5*j. Suppose -3*m + 4 + 5 = 0. Suppose -g = -m*p + 68, a*g + 4*g = 4*p - 88. What is the remainder when p is divided by 12?
11
Let x be (-6 - 35/(-5)) + 6*5. What is the remainder when x*(-3)/(2 - 5) is divided by 16?
15
Let r(i) = 2*i**2 - 3*i - 3. Let j be r(3). Let d be (1 + (-4)/j)*-6. What is the remainder when 33 is divided by d/(-3)*(1 - -17)?
9
Let c = 28 - 30. What is the remainder when 10 is divided by (-4 + 4)/c + 3?
1
Suppose -12*d = -4*d - 16. Suppose d*q = 7*q - 20. Calculate the remainder when 4 is divided by q.
0
Suppose -5*j - 10 = -6*j. What is the remainder when (-5)/1*(7 - j) is divided by 9?
6
Let t(p) = -6*p - 4. Let s be t(11). Let a = -64 - s. What is the remainder when 21 is divided by a?
3
Let x(l) = l**3 - l**2 + l - 19. Let j be x(0). Let k = j - -113. Let r(m) = -m**2 - 12*m. What is the remainder when k is divided by r(-8)?
30
Let t be (-6)/10 + (-2)/5. Let a be (2 + 3 + -30)*t. Suppose -j + a = -0*j. Calculate the remainder when 48 is divided by j.
23
Let i(t) = -11*t. Let k be i(-4). Suppose 6*j - 4*j = k. Calculate the remainder when 84 is divided by j.
18
What is the remainder when (-2064)/(-18) - 44/(-33) is divided by 46?
24
Calculate the remainder when 108 is divided by ((-2)/10 + 132/60)*28.
52
Suppose -8 = -2*v - 3*h, 2*v - 45 = -3*v + 5*h. Suppose -4*x - 132 = -v*x. What is the remainder when x is divided by 9?
8
Let h = -38 + 56. What is the remainder when (-5 - -22) + -1 + 55 is divided by h?
17
Suppose 10*j = 7*j - 99. Let s = 39 + j. What is the remainder when s is divided by 4?
2
Suppose 5*m = -2*y - 36, -4*m + 5*y - 2 - 40 = 0. Calculate the remainder when 1 is divided by -1*(m - -4)/4.
0
Suppose r + 1 = 6. Suppose 4*z - r*a - 46 = 0, 4*z = z + 2*a + 31. Calculate the remainder when 26 is divided by z.
8
Suppose 696 = -3*l + 7*l - h, -5*l + 861 = h. Calculate the remainder when l is divided by 22.
19
Let d be (-6)/(-4) + (-115)/(-46). Suppose -6*g + 50 = -d*g. Calculate the remainder when g is divided by 13.
12
Suppose -2*d + z + 4 = -3, 4*z + 4 = -4*d. Suppose -d = t - 6. Suppose 11 = t*b - 5*y - 22, 3*b = -2*y + 42. What is the remainder when 33 is divided by b?
9
Let n(d) = -142*d - 32. What is the remainder when n(-5) is divided by 85?
83
Let r = -57 - -62. Calculate the remainder when (-16)/(-6)*51/4 is divided by ((-14)/(-4) - r)/(1/(-8)).
10
Let k = 50 - 50. Suppose -2*u = v + 10 - 47, 5*u - 3*v - 98 = k. Calculate the remainder when 50 is divided by u.
12
Let z = -886 - -894. Calculate the remainder when 190 is divided by z.
6
Suppose -339 + 24 = -9*u.